{"id":5022,"date":"2025-04-26T16:21:16","date_gmt":"2025-04-26T19:21:16","guid":{"rendered":"https:\/\/brafip.org.br\/brafip\/?page_id=5022"},"modified":"2025-04-26T16:45:18","modified_gmt":"2025-04-26T19:45:18","slug":"chamada-de-ideias-2025","status":"publish","type":"page","link":"https:\/\/brafip.org.br\/brafip\/chamada-de-ideias-2025\/","title":{"rendered":"Chamada de Ideias 2025"},"content":{"rendered":"\t\t<div data-elementor-type=\"wp-page\" data-elementor-id=\"5022\" class=\"elementor elementor-5022\">\n\t\t\t\t<div class=\"elementor-element elementor-element-5d27562 e-flex e-con-boxed e-con e-parent\" data-id=\"5d27562\" data-element_type=\"container\" data-e-type=\"container\">\n\t\t\t\t\t<div class=\"e-con-inner\">\n\t\t\t\t<div class=\"elementor-element elementor-element-46fd236 elementor-widget elementor-widget-image\" data-id=\"46fd236\" data-element_type=\"widget\" data-e-type=\"widget\" data-widget_type=\"image.default\">\n\t\t\t\t<div class=\"elementor-widget-container\">\n\t\t\t\t\t\t\t\t\t\t\t\t\t\t\t\t<a href=\"https:\/\/lu.ma\/0tnq5p39\">\n\t\t\t\t\t\t\t<img decoding=\"async\" width=\"320\" height=\"120\" src=\"https:\/\/brafip.org.br\/brafip\/wp-content\/uploads\/2025\/04\/ci2025-logo-banner-1-1.png\" class=\"attachment-1536x1536 size-1536x1536 wp-image-4959\" alt=\"\" srcset=\"https:\/\/brafip.org.br\/brafip\/wp-content\/uploads\/2025\/04\/ci2025-logo-banner-1-1.png 320w, https:\/\/brafip.org.br\/brafip\/wp-content\/uploads\/2025\/04\/ci2025-logo-banner-1-1-300x113.png 300w\" sizes=\"(max-width: 320px) 100vw, 320px\" \/>\t\t\t\t\t\t\t\t<\/a>\n\t\t\t\t\t\t\t\t\t\t\t\t\t\t\t<\/div>\n\t\t\t\t<\/div>\n\t\t\t\t\t<\/div>\n\t\t\t\t<\/div>\n\t\t<div class=\"elementor-element elementor-element-9d7c307 e-flex e-con-boxed e-con e-parent\" data-id=\"9d7c307\" data-element_type=\"container\" data-e-type=\"container\">\n\t\t\t\t\t<div class=\"e-con-inner\">\n\t\t\t\t<div class=\"elementor-element elementor-element-6054122 elementor-widget elementor-widget-heading\" data-id=\"6054122\" data-element_type=\"widget\" data-e-type=\"widget\" data-widget_type=\"heading.default\">\n\t\t\t\t<div class=\"elementor-widget-container\">\n\t\t\t\t\t<h2 class=\"elementor-heading-title elementor-size-default\">Chamadas BRAFIP de Ideias s\u00e3o convites p\u00fablicos, anuais, via surveymonkey, para submiss\u00e3o de ideias e projetos para PD&amp;I colaborativa. As chamadas s\u00e3o realizadas internacionalmente, em portugu\u00eas, ingl\u00eas e espanhol com o apoio de parceiros nacionais e internacionais da BRAFIP.<br>Um comit\u00ea ad hoc seleciona as 15 melhores ideias para apresenta\u00e7\u00e3o de um pitch no evento anual BraFip InCoDay \u2013 International Cooperation Day. No ano subsequente, a BraFip elabora um Plano de Trabalho Executivo para viabilizar as 05 melhores ideias, assinado conjuntamente com as empresas interessadas.<\/h2>\t\t\t\t<\/div>\n\t\t\t\t<\/div>\n\t\t\t\t<div class=\"elementor-element elementor-element-f2a4cd3 elementor-widget elementor-widget-heading\" data-id=\"f2a4cd3\" data-element_type=\"widget\" data-e-type=\"widget\" data-widget_type=\"heading.default\">\n\t\t\t\t<div class=\"elementor-widget-container\">\n\t\t\t\t\t<h2 class=\"elementor-heading-title elementor-size-default\">Em breve aqui as instru\u00e7\u00f5es de participa\u00e7\u00e3o e respectivos links de acesso aos formul\u00e1rios de inscri\u00e7\u00e3o.<\/h2>\t\t\t\t<\/div>\n\t\t\t\t<\/div>\n\t\t\t\t\t<\/div>\n\t\t\t\t<\/div>\n\t\t<div class=\"elementor-element elementor-element-a481a34 e-flex e-con-boxed e-con e-parent\" data-id=\"a481a34\" data-element_type=\"container\" data-e-type=\"container\">\n\t\t\t\t\t<div class=\"e-con-inner\">\n\t\t\t\t<div class=\"elementor-element elementor-element-ec92a96 elementor-widget elementor-widget-image\" data-id=\"ec92a96\" data-element_type=\"widget\" data-e-type=\"widget\" data-widget_type=\"image.default\">\n\t\t\t\t<div class=\"elementor-widget-container\">\n\t\t\t\t\t\t\t\t\t\t\t\t\t\t\t\t<a href=\"https:\/\/lu.ma\/0tnq5p39\">\n\t\t\t\t\t\t\t<img fetchpriority=\"high\" decoding=\"async\" width=\"640\" height=\"420\" src=\"https:\/\/brafip.org.br\/brafip\/wp-content\/uploads\/2025\/04\/Portadas-Ciberpulso-2.png\" class=\"attachment-large size-large wp-image-4982\" alt=\"\" srcset=\"https:\/\/brafip.org.br\/brafip\/wp-content\/uploads\/2025\/04\/Portadas-Ciberpulso-2.png 1021w, https:\/\/brafip.org.br\/brafip\/wp-content\/uploads\/2025\/04\/Portadas-Ciberpulso-2-300x197.png 300w, https:\/\/brafip.org.br\/brafip\/wp-content\/uploads\/2025\/04\/Portadas-Ciberpulso-2-768x504.png 768w\" sizes=\"(max-width: 640px) 100vw, 640px\" \/>\t\t\t\t\t\t\t\t<\/a>\n\t\t\t\t\t\t\t\t\t\t\t\t\t\t\t<\/div>\n\t\t\t\t<\/div>\n\t\t\t\t\t<\/div>\n\t\t\t\t<\/div>\n\t\t<div class=\"elementor-element elementor-element-9da51c8 e-flex e-con-boxed e-con e-parent\" data-id=\"9da51c8\" data-element_type=\"container\" data-e-type=\"container\">\n\t\t\t\t\t<div class=\"e-con-inner\">\n\t\t\t\t<div class=\"elementor-element elementor-element-a1d030b elementor-button-success elementor-align-center elementor-widget elementor-widget-button\" data-id=\"a1d030b\" data-element_type=\"widget\" data-e-type=\"widget\" data-widget_type=\"button.default\">\n\t\t\t\t<div class=\"elementor-widget-container\">\n\t\t\t\t\t\t\t\t\t<div class=\"elementor-button-wrapper\">\n\t\t\t\t\t<a class=\"elementor-button elementor-button-link elementor-size-sm\" href=\"https:\/\/lu.ma\/0tnq5p39\">\n\t\t\t\t\t\t<span class=\"elementor-button-content-wrapper\">\n\t\t\t\t\t\t<span class=\"elementor-button-icon\">\n\t\t\t\t<svg aria-hidden=\"true\" class=\"e-font-icon-svg e-fas-hand-point-up\" viewBox=\"0 0 384 512\" xmlns=\"http:\/\/www.w3.org\/2000\/svg\"><path d=\"M135.652 0c23.625 0 43.826 20.65 43.826 44.8v99.851c17.048-16.34 49.766-18.346 70.944 6.299 22.829-14.288 53.017-2.147 62.315 16.45C361.878 158.426 384 189.346 384 240c0 2.746-.203 13.276-.195 16 .168 61.971-31.065 76.894-38.315 123.731C343.683 391.404 333.599 400 321.786 400H150.261l-.001-.002c-18.366-.011-35.889-10.607-43.845-28.464C93.421 342.648 57.377 276.122 29.092 264 10.897 256.203.008 242.616 0 224c-.014-34.222 35.098-57.752 66.908-44.119 8.359 3.583 16.67 8.312 24.918 14.153V44.8c0-23.45 20.543-44.8 43.826-44.8zM136 416h192c13.255 0 24 10.745 24 24v48c0 13.255-10.745 24-24 24H136c-13.255 0-24-10.745-24-24v-48c0-13.255 10.745-24 24-24zm168 28c-11.046 0-20 8.954-20 20s8.954 20 20 20 20-8.954 20-20-8.954-20-20-20z\"><\/path><\/svg>\t\t\t<\/span>\n\t\t\t\t\t\t\t\t\t<span class=\"elementor-button-text\">Inscreva-se no webinar de lan\u00e7amento<\/span>\n\t\t\t\t\t<\/span>\n\t\t\t\t\t<\/a>\n\t\t\t\t<\/div>\n\t\t\t\t\t\t\t\t<\/div>\n\t\t\t\t<\/div>\n\t\t\t\t\t<\/div>\n\t\t\t\t<\/div>\n\t\t\t\t<\/div>\n\t\t","protected":false},"excerpt":{"rendered":"<p>Chamadas BRAFIP de Ideias s\u00e3o convites p\u00fablicos, anuais, via surveymonkey, para submiss\u00e3o de ideias e projetos para PD&amp;I colaborativa. As chamadas s\u00e3o realizadas internacionalmente, em portugu\u00eas, ingl\u00eas e espanhol com o apoio de parceiros nacionais e internacionais da BRAFIP.Um comit\u00ea ad hoc seleciona as 15 melhores ideias para apresenta\u00e7\u00e3o de&hellip;<\/p>\n","protected":false},"author":2,"featured_media":4959,"parent":0,"menu_order":0,"comment_status":"closed","ping_status":"closed","template":"elementor_header_footer","meta":{"_price":"","_stock":"","_tribe_ticket_header":"","_tribe_default_ticket_provider":"","_tribe_ticket_capacity":"0","_ticket_start_date":"","_ticket_end_date":"","_tribe_ticket_show_description":"","_tribe_ticket_show_not_going":false,"_tribe_ticket_use_global_stock":"","_tribe_ticket_global_stock_level":"","_global_stock_mode":"","_global_stock_cap":"","_tribe_rsvp_for_event":"","_tribe_ticket_going_count":"","_tribe_ticket_not_going_count":"","_tribe_tickets_list":"[]","_tribe_ticket_has_attendee_info_fields":false,"footnotes":"","_tec_slr_enabled":"","_tec_slr_layout":""},"class_list":["post-5022","page","type-page","status-publish","has-post-thumbnail","hentry"],"ticketed":false,"_links":{"self":[{"href":"https:\/\/brafip.org.br\/brafip\/wp-json\/wp\/v2\/pages\/5022","targetHints":{"allow":["GET"]}}],"collection":[{"href":"https:\/\/brafip.org.br\/brafip\/wp-json\/wp\/v2\/pages"}],"about":[{"href":"https:\/\/brafip.org.br\/brafip\/wp-json\/wp\/v2\/types\/page"}],"author":[{"embeddable":true,"href":"https:\/\/brafip.org.br\/brafip\/wp-json\/wp\/v2\/users\/2"}],"replies":[{"embeddable":true,"href":"https:\/\/brafip.org.br\/brafip\/wp-json\/wp\/v2\/comments?post=5022"}],"version-history":[{"count":22,"href":"https:\/\/brafip.org.br\/brafip\/wp-json\/wp\/v2\/pages\/5022\/revisions"}],"predecessor-version":[{"id":5047,"href":"https:\/\/brafip.org.br\/brafip\/wp-json\/wp\/v2\/pages\/5022\/revisions\/5047"}],"wp:featuredmedia":[{"embeddable":true,"href":"https:\/\/brafip.org.br\/brafip\/wp-json\/wp\/v2\/media\/4959"}],"wp:attachment":[{"href":"https:\/\/brafip.org.br\/brafip\/wp-json\/wp\/v2\/media?parent=5022"}],"curies":[{"name":"wp","href":"https:\/\/api.w.org\/{rel}","templated":true}]}}