{"id":152,"date":"2018-08-09T14:32:32","date_gmt":"2018-08-09T17:32:32","guid":{"rendered":"http:\/\/www.brafip.org.br\/brafip\/\/?page_id=152"},"modified":"2020-06-25T22:02:11","modified_gmt":"2020-06-26T01:02:11","slug":"quem-somos","status":"publish","type":"page","link":"https:\/\/brafip.org.br\/brafip\/quem-somos\/","title":{"rendered":"Quem somos"},"content":{"rendered":"\t\t<div data-elementor-type=\"wp-post\" data-elementor-id=\"152\" class=\"elementor elementor-152 elementor-bc-flex-widget\">\n\t\t\t\t\t\t<section class=\"elementor-section elementor-top-section elementor-element elementor-element-a32766c elementor-section-boxed elementor-section-height-default elementor-section-height-default\" data-id=\"a32766c\" data-element_type=\"section\" data-e-type=\"section\">\n\t\t\t\t\t\t<div class=\"elementor-container elementor-column-gap-default\">\n\t\t\t\t\t<div class=\"elementor-column elementor-col-100 elementor-top-column elementor-element elementor-element-bf8a54b\" data-id=\"bf8a54b\" data-element_type=\"column\" data-e-type=\"column\">\n\t\t\t<div class=\"elementor-widget-wrap elementor-element-populated\">\n\t\t\t\t\t\t<div class=\"elementor-element elementor-element-c22dd9b elementor-widget elementor-widget-text-editor\" data-id=\"c22dd9b\" data-element_type=\"widget\" data-e-type=\"widget\" data-widget_type=\"text-editor.default\">\n\t\t\t\t<div class=\"elementor-widget-container\">\n\t\t\t\t\t\t\t\t\t<p><u>Hist\u00f3rico<\/u>: A Associa\u00e7\u00e3o Brasileira de Fomento a Inova\u00e7\u00e3o em Plataformas Tecnol\u00f3gicas \u2013 BRAFIP, criada em 2015, teve sua origem no Projeto BRAFIP (Brazilian Future Internet Platform) no \u00e2mbito do Programa FIRST, de 2009 a 2011, o qual foi uma iniciativa colaborativa entre v\u00e1rios pa\u00edses, financiada pelo S\u00e9timo Programa Quadro da Comiss\u00e3o Europeia para fomentar a Coopera\u00e7\u00e3o Internacional em \u00e1reas tecnol\u00f3gicas como Internet do Futuro e Tecnologia da Informa\u00e7\u00e3o e da Comunica\u00e7\u00e3o entre a Europa e a Am\u00e9rica Latina.<\/p><p>O Programa FIRST visava introduzir o conceito das Plataformas Tecnol\u00f3gicas Europeias (ETPs) na Am\u00e9rica Latina, por meio da reuni\u00e3o de interessados \u200b\u200bestrat\u00e9gicos da Ind\u00fastria, Academia e Governo com o objetivo de criar Plataformas Tecnol\u00f3gicas Latino Americanas (LATPs) na Argentina, Brasil, Chile, Col\u00f4mbia e M\u00e9xico.<\/p><p>O Projeto FIRST foi sucedido pelo Projeto CONECTA 2020, financiado no \u00e2mbito do S\u00e9timo Programa-Quadro (FP7) da Uni\u00e3o Europeia, o qual teve por objetivo a implementa\u00e7\u00e3o de novas Plataformas Tecnol\u00f3gicas Latino Americanas (LATPs) na Costa Rica, Peru e Uruguai, o fortalecimento da Plataforma Tecnol\u00f3gica Brasileira (BRAFIP) para promover a Pesquisa Desenvolvimento e Inova\u00e7\u00e3o colaborativas, por meio de cons\u00f3rcios de empresas e centros de pesquisa (ICTs) da Uni\u00e3o Europeia e Am\u00e9rica Latina. No per\u00edodo 2014-2020, a principal fonte de financiamento prevista aos cons\u00f3rcios \u00e9 o Fundo Europeu Horizonte 2020 (H2020), da Comiss\u00e3o Europeia ( ver link <a href=\"https:\/\/ec.europa.eu\/programmes\/horizon2020\/en\/\">https:\/\/ec.europa.eu\/programmes\/horizon2020\/en\/<\/a> ).<\/p>\t\t\t\t\t\t\t\t<\/div>\n\t\t\t\t<\/div>\n\t\t\t\t<div class=\"elementor-element elementor-element-fcfc934 elementor-widget elementor-widget-spacer\" data-id=\"fcfc934\" data-element_type=\"widget\" data-e-type=\"widget\" data-widget_type=\"spacer.default\">\n\t\t\t\t<div class=\"elementor-widget-container\">\n\t\t\t\t\t\t\t<div class=\"elementor-spacer\">\n\t\t\t<div class=\"elementor-spacer-inner\"><\/div>\n\t\t<\/div>\n\t\t\t\t\t\t<\/div>\n\t\t\t\t<\/div>\n\t\t\t\t<div class=\"elementor-element elementor-element-a81b27e elementor-widget elementor-widget-text-editor\" data-id=\"a81b27e\" data-element_type=\"widget\" data-e-type=\"widget\" data-widget_type=\"text-editor.default\">\n\t\t\t\t<div class=\"elementor-widget-container\">\n\t\t\t\t\t\t\t\t\t<p><u>Plataforma Tecnol\u00f3gica Brasileira BRAFIP<\/u>: \u00c9 parte de um movimento internacional voltado \u00e0 inova\u00e7\u00e3o tecnol\u00f3gica proporcionada pelas TICs que visa estabelecer liga\u00e7\u00f5es diretas das empresas brasileiras entre si, com institui\u00e7\u00f5es de apoio, com a academia, bem como destas com as Plataformas Tecnol\u00f3gicas Europeias (ETPs) e com as Plataformas Tecnol\u00f3gicas Latino-americanas (LATPs).<\/p>\t\t\t\t\t\t\t\t<\/div>\n\t\t\t\t<\/div>\n\t\t\t\t<div class=\"elementor-element elementor-element-a5d6a56 elementor-widget elementor-widget-spacer\" data-id=\"a5d6a56\" data-element_type=\"widget\" data-e-type=\"widget\" data-widget_type=\"spacer.default\">\n\t\t\t\t<div class=\"elementor-widget-container\">\n\t\t\t\t\t\t\t<div class=\"elementor-spacer\">\n\t\t\t<div class=\"elementor-spacer-inner\"><\/div>\n\t\t<\/div>\n\t\t\t\t\t\t<\/div>\n\t\t\t\t<\/div>\n\t\t\t\t<div class=\"elementor-element elementor-element-a806e04 elementor-widget elementor-widget-text-editor\" data-id=\"a806e04\" data-element_type=\"widget\" data-e-type=\"widget\" data-widget_type=\"text-editor.default\">\n\t\t\t\t<div class=\"elementor-widget-container\">\n\t\t\t\t\t\t\t\t\t<p><u>Associa\u00e7\u00e3o BRAFIP<\/u>: Foi criada em 11 de Novembro de 2015 para fazer a gest\u00e3o da Plataforma Tecnol\u00f3gica BRAFIP, visando ao desenvolvimento socioecon\u00f4mico sustent\u00e1vel e ao aumento da competitividade das empresas brasileiras dos diversos setores da economia, por meio da inova\u00e7\u00e3o tecnol\u00f3gica baseada no uso intensivo das Tecnologias da Informa\u00e7\u00e3o e da Comunica\u00e7\u00e3o (TIC), com a participa\u00e7\u00e3o de representantes da ind\u00fastria, academia e \u00f3rg\u00e3os de governo. No caso de financiamento aos cons\u00f3rcios promovidos pela BRAFIP, al\u00e9m do Fundo H2020, a Associa\u00e7\u00e3o considera acesso tamb\u00e9m a diversas outras fontes nacionais e internacionais.<\/p>\t\t\t\t\t\t\t\t<\/div>\n\t\t\t\t<\/div>\n\t\t\t\t\t<\/div>\n\t\t<\/div>\n\t\t\t\t\t<\/div>\n\t\t<\/section>\n\t\t\t\t<\/div>\n\t\t","protected":false},"excerpt":{"rendered":"<p>Hist\u00f3rico: A Associa\u00e7\u00e3o Brasileira de Fomento a Inova\u00e7\u00e3o em Plataformas Tecnol\u00f3gicas \u2013 BRAFIP, criada em 2015, teve sua origem no Projeto BRAFIP (Brazilian Future Internet Platform) no \u00e2mbito do Programa FIRST, de 2009 a 2011, o qual foi uma iniciativa colaborativa entre v\u00e1rios pa\u00edses, financiada pelo S\u00e9timo Programa Quadro da&hellip;<\/p>\n","protected":false},"author":1,"featured_media":0,"parent":0,"menu_order":0,"comment_status":"closed","ping_status":"closed","template":"","meta":{"_price":"","_stock":"","_tribe_ticket_header":"","_tribe_default_ticket_provider":"","_tribe_ticket_capacity":"0","_ticket_start_date":"","_ticket_end_date":"","_tribe_ticket_show_description":"","_tribe_ticket_show_not_going":false,"_tribe_ticket_use_global_stock":"","_tribe_ticket_global_stock_level":"","_global_stock_mode":"","_global_stock_cap":"","_tribe_rsvp_for_event":"","_tribe_ticket_going_count":"","_tribe_ticket_not_going_count":"","_tribe_tickets_list":"[]","_tribe_ticket_has_attendee_info_fields":false,"footnotes":"","_tec_slr_enabled":"","_tec_slr_layout":""},"class_list":["post-152","page","type-page","status-publish","hentry"],"ticketed":false,"_links":{"self":[{"href":"https:\/\/brafip.org.br\/brafip\/wp-json\/wp\/v2\/pages\/152","targetHints":{"allow":["GET"]}}],"collection":[{"href":"https:\/\/brafip.org.br\/brafip\/wp-json\/wp\/v2\/pages"}],"about":[{"href":"https:\/\/brafip.org.br\/brafip\/wp-json\/wp\/v2\/types\/page"}],"author":[{"embeddable":true,"href":"https:\/\/brafip.org.br\/brafip\/wp-json\/wp\/v2\/users\/1"}],"replies":[{"embeddable":true,"href":"https:\/\/brafip.org.br\/brafip\/wp-json\/wp\/v2\/comments?post=152"}],"version-history":[{"count":7,"href":"https:\/\/brafip.org.br\/brafip\/wp-json\/wp\/v2\/pages\/152\/revisions"}],"predecessor-version":[{"id":3045,"href":"https:\/\/brafip.org.br\/brafip\/wp-json\/wp\/v2\/pages\/152\/revisions\/3045"}],"wp:attachment":[{"href":"https:\/\/brafip.org.br\/brafip\/wp-json\/wp\/v2\/media?parent=152"}],"curies":[{"name":"wp","href":"https:\/\/api.w.org\/{rel}","templated":true}]}}