{"id":150,"date":"2018-08-09T14:32:14","date_gmt":"2018-08-09T17:32:14","guid":{"rendered":"http:\/\/www.brafip.org.br\/brafip\/\/?page_id=150"},"modified":"2026-04-21T20:07:34","modified_gmt":"2026-04-21T23:07:34","slug":"conselho-diretor","status":"publish","type":"page","link":"https:\/\/brafip.org.br\/brafip\/conselho-diretor\/","title":{"rendered":"Conselho Diretor"},"content":{"rendered":"\t\t<div data-elementor-type=\"wp-post\" data-elementor-id=\"150\" class=\"elementor elementor-150\">\n\t\t\t\t<div class=\"elementor-element elementor-element-2e4cf5d e-flex e-con-boxed e-con e-parent\" data-id=\"2e4cf5d\" data-element_type=\"container\" data-e-type=\"container\">\n\t\t\t\t\t<div class=\"e-con-inner\">\n\t\t\t\t<div class=\"elementor-element elementor-element-b2a8b4c elementor-vertical-align-middle elementor-position-left elementor-widget__width-auto elementor-widget elementor-widget-image-box\" data-id=\"b2a8b4c\" data-element_type=\"widget\" data-e-type=\"widget\" data-widget_type=\"image-box.default\">\n\t\t\t\t<div class=\"elementor-widget-container\">\n\t\t\t\t\t<div class=\"elementor-image-box-wrapper\"><figure class=\"elementor-image-box-img\"><img fetchpriority=\"high\" decoding=\"async\" width=\"568\" height=\"758\" src=\"https:\/\/brafip.org.br\/brafip\/wp-content\/uploads\/2026\/04\/Roberto-Mayer-transparent.png\" class=\"attachment-full size-full wp-image-5276\" alt=\"\" srcset=\"https:\/\/brafip.org.br\/brafip\/wp-content\/uploads\/2026\/04\/Roberto-Mayer-transparent.png 568w, https:\/\/brafip.org.br\/brafip\/wp-content\/uploads\/2026\/04\/Roberto-Mayer-transparent-225x300.png 225w\" sizes=\"(max-width: 568px) 100vw, 568px\" \/><\/figure><div class=\"elementor-image-box-content\"><h3 class=\"elementor-image-box-title\">Presidente<\/h3><p class=\"elementor-image-box-description\">Roberto Carlos Mayer<\/p><\/div><\/div>\t\t\t\t<\/div>\n\t\t\t\t<\/div>\n\t\t\t\t<div class=\"elementor-element elementor-element-3c533d3 elementor-vertical-align-middle elementor-position-left elementor-widget__width-auto elementor-widget elementor-widget-image-box\" data-id=\"3c533d3\" data-element_type=\"widget\" data-e-type=\"widget\" data-widget_type=\"image-box.default\">\n\t\t\t\t<div class=\"elementor-widget-container\">\n\t\t\t\t\t<div class=\"elementor-image-box-wrapper\"><figure class=\"elementor-image-box-img\"><img decoding=\"async\" width=\"245\" height=\"305\" src=\"https:\/\/brafip.org.br\/brafip\/wp-content\/uploads\/2026\/04\/Foto-Jose-Antonio-Antonioni.jpg\" class=\"attachment-full size-full wp-image-5268\" alt=\"\" srcset=\"https:\/\/brafip.org.br\/brafip\/wp-content\/uploads\/2026\/04\/Foto-Jose-Antonio-Antonioni.jpg 245w, https:\/\/brafip.org.br\/brafip\/wp-content\/uploads\/2026\/04\/Foto-Jose-Antonio-Antonioni-241x300.jpg 241w\" sizes=\"(max-width: 245px) 100vw, 245px\" \/><\/figure><div class=\"elementor-image-box-content\"><h3 class=\"elementor-image-box-title\">1\u00ba Vice Presidente<\/h3><p class=\"elementor-image-box-description\">Jos\u00e9 Antonio Antonioni<\/p><\/div><\/div>\t\t\t\t<\/div>\n\t\t\t\t<\/div>\n\t\t\t\t<div class=\"elementor-element elementor-element-93a2882 elementor-vertical-align-middle elementor-position-left elementor-widget__width-auto elementor-widget elementor-widget-image-box\" data-id=\"93a2882\" data-element_type=\"widget\" data-e-type=\"widget\" data-widget_type=\"image-box.default\">\n\t\t\t\t<div class=\"elementor-widget-container\">\n\t\t\t\t\t<div class=\"elementor-image-box-wrapper\"><figure class=\"elementor-image-box-img\"><img decoding=\"async\" src=\"https:\/\/brafip.org.br\/brafip\/wp-content\/plugins\/elementor\/assets\/images\/placeholder.png\" title=\"\" alt=\"\" loading=\"lazy\" \/><\/figure><div class=\"elementor-image-box-content\"><h3 class=\"elementor-image-box-title\">2\u00ba Vice Presidente<\/h3><p class=\"elementor-image-box-description\">Jos\u00e9 Vidal Belinetti Jr.<\/p><\/div><\/div>\t\t\t\t<\/div>\n\t\t\t\t<\/div>\n\t\t\t\t<div class=\"elementor-element elementor-element-e34ed90 elementor-vertical-align-middle elementor-position-left elementor-widget__width-auto elementor-widget elementor-widget-image-box\" data-id=\"e34ed90\" data-element_type=\"widget\" data-e-type=\"widget\" data-widget_type=\"image-box.default\">\n\t\t\t\t<div class=\"elementor-widget-container\">\n\t\t\t\t\t<div class=\"elementor-image-box-wrapper\"><figure class=\"elementor-image-box-img\"><img decoding=\"async\" src=\"https:\/\/brafip.org.br\/brafip\/wp-content\/plugins\/elementor\/assets\/images\/placeholder.png\" title=\"\" alt=\"\" loading=\"lazy\" \/><\/figure><div class=\"elementor-image-box-content\"><h3 class=\"elementor-image-box-title\">Secret\u00e1rio do CA<\/h3><p class=\"elementor-image-box-description\">Edvar Pera Jr.<\/p><\/div><\/div>\t\t\t\t<\/div>\n\t\t\t\t<\/div>\n\t\t\t\t<div class=\"elementor-element elementor-element-df24171 elementor-vertical-align-middle elementor-position-left elementor-widget__width-auto elementor-widget elementor-widget-image-box\" data-id=\"df24171\" data-element_type=\"widget\" data-e-type=\"widget\" data-widget_type=\"image-box.default\">\n\t\t\t\t<div class=\"elementor-widget-container\">\n\t\t\t\t\t<div class=\"elementor-image-box-wrapper\"><figure class=\"elementor-image-box-img\"><img decoding=\"async\" width=\"215\" height=\"215\" src=\"https:\/\/brafip.org.br\/brafip\/wp-content\/uploads\/2026\/04\/Kival-Weber.jpg\" class=\"attachment-full size-full wp-image-5271\" alt=\"\" srcset=\"https:\/\/brafip.org.br\/brafip\/wp-content\/uploads\/2026\/04\/Kival-Weber.jpg 215w, https:\/\/brafip.org.br\/brafip\/wp-content\/uploads\/2026\/04\/Kival-Weber-150x150.jpg 150w, https:\/\/brafip.org.br\/brafip\/wp-content\/uploads\/2026\/04\/Kival-Weber-70x70.jpg 70w\" sizes=\"(max-width: 215px) 100vw, 215px\" \/><\/figure><div class=\"elementor-image-box-content\"><h3 class=\"elementor-image-box-title\">Membro do CA<\/h3><p class=\"elementor-image-box-description\">Kival Chaves Weber <\/p><\/div><\/div>\t\t\t\t<\/div>\n\t\t\t\t<\/div>\n\t\t\t\t<div class=\"elementor-element elementor-element-abb3fa8 elementor-vertical-align-middle elementor-position-left elementor-widget__width-auto elementor-widget elementor-widget-image-box\" data-id=\"abb3fa8\" data-element_type=\"widget\" data-e-type=\"widget\" data-widget_type=\"image-box.default\">\n\t\t\t\t<div class=\"elementor-widget-container\">\n\t\t\t\t\t<div class=\"elementor-image-box-wrapper\"><figure class=\"elementor-image-box-img\"><img decoding=\"async\" src=\"https:\/\/brafip.org.br\/brafip\/wp-content\/plugins\/elementor\/assets\/images\/placeholder.png\" title=\"\" alt=\"\" loading=\"lazy\" \/><\/figure><div class=\"elementor-image-box-content\"><h3 class=\"elementor-image-box-title\">Membro do CA<\/h3><p class=\"elementor-image-box-description\">Augusto Galv\u00e3o<\/p><\/div><\/div>\t\t\t\t<\/div>\n\t\t\t\t<\/div>\n\t\t\t\t<div class=\"elementor-element elementor-element-94cbf81 elementor-vertical-align-middle elementor-position-left elementor-widget__width-auto elementor-widget elementor-widget-image-box\" data-id=\"94cbf81\" data-element_type=\"widget\" data-e-type=\"widget\" data-widget_type=\"image-box.default\">\n\t\t\t\t<div class=\"elementor-widget-container\">\n\t\t\t\t\t<div class=\"elementor-image-box-wrapper\"><figure class=\"elementor-image-box-img\"><img loading=\"lazy\" decoding=\"async\" width=\"1062\" height=\"798\" src=\"https:\/\/brafip.org.br\/brafip\/wp-content\/uploads\/2024\/08\/Captura-de-Tela-2024-08-23-as-22.14.50.png\" class=\"attachment-full size-full wp-image-4840\" alt=\"\" srcset=\"https:\/\/brafip.org.br\/brafip\/wp-content\/uploads\/2024\/08\/Captura-de-Tela-2024-08-23-as-22.14.50.png 1062w, https:\/\/brafip.org.br\/brafip\/wp-content\/uploads\/2024\/08\/Captura-de-Tela-2024-08-23-as-22.14.50-300x225.png 300w, https:\/\/brafip.org.br\/brafip\/wp-content\/uploads\/2024\/08\/Captura-de-Tela-2024-08-23-as-22.14.50-1024x769.png 1024w, https:\/\/brafip.org.br\/brafip\/wp-content\/uploads\/2024\/08\/Captura-de-Tela-2024-08-23-as-22.14.50-768x577.png 768w\" sizes=\"(max-width: 1062px) 100vw, 1062px\" \/><\/figure><div class=\"elementor-image-box-content\"><h3 class=\"elementor-image-box-title\">Diretor de Rela\u00e7\u00f5es Internacionais<\/h3><p class=\"elementor-image-box-description\">Alexandre J. Beltr\u00e3o Moura<\/p><\/div><\/div>\t\t\t\t<\/div>\n\t\t\t\t<\/div>\n\t\t\t\t<div class=\"elementor-element elementor-element-0699466 elementor-vertical-align-middle elementor-position-left elementor-widget__width-auto elementor-widget elementor-widget-image-box\" data-id=\"0699466\" data-element_type=\"widget\" data-e-type=\"widget\" data-widget_type=\"image-box.default\">\n\t\t\t\t<div class=\"elementor-widget-container\">\n\t\t\t\t\t<div class=\"elementor-image-box-wrapper\"><figure class=\"elementor-image-box-img\"><img decoding=\"async\" src=\"https:\/\/brafip.org.br\/brafip\/wp-content\/plugins\/elementor\/assets\/images\/placeholder.png\" title=\"\" alt=\"\" loading=\"lazy\" \/><\/figure><div class=\"elementor-image-box-content\"><h3 class=\"elementor-image-box-title\">Diretor de Rela\u00e7\u00f5es Institucionais<\/h3><p class=\"elementor-image-box-description\">Djalma Petit<\/p><\/div><\/div>\t\t\t\t<\/div>\n\t\t\t\t<\/div>\n\t\t\t\t<div class=\"elementor-element elementor-element-3dbb839 elementor-vertical-align-middle elementor-position-left elementor-widget__width-auto elementor-widget elementor-widget-image-box\" data-id=\"3dbb839\" data-element_type=\"widget\" data-e-type=\"widget\" data-widget_type=\"image-box.default\">\n\t\t\t\t<div class=\"elementor-widget-container\">\n\t\t\t\t\t<div class=\"elementor-image-box-wrapper\"><figure class=\"elementor-image-box-img\"><img loading=\"lazy\" decoding=\"async\" width=\"1709\" height=\"2560\" src=\"https:\/\/brafip.org.br\/brafip\/wp-content\/uploads\/2026\/04\/Marco-_-OBME-scaled.jpg\" class=\"attachment-full size-full wp-image-5280\" alt=\"\" srcset=\"https:\/\/brafip.org.br\/brafip\/wp-content\/uploads\/2026\/04\/Marco-_-OBME-scaled.jpg 1709w, https:\/\/brafip.org.br\/brafip\/wp-content\/uploads\/2026\/04\/Marco-_-OBME-200x300.jpg 200w, https:\/\/brafip.org.br\/brafip\/wp-content\/uploads\/2026\/04\/Marco-_-OBME-684x1024.jpg 684w, https:\/\/brafip.org.br\/brafip\/wp-content\/uploads\/2026\/04\/Marco-_-OBME-768x1150.jpg 768w, https:\/\/brafip.org.br\/brafip\/wp-content\/uploads\/2026\/04\/Marco-_-OBME-1026x1536.jpg 1026w, https:\/\/brafip.org.br\/brafip\/wp-content\/uploads\/2026\/04\/Marco-_-OBME-1367x2048.jpg 1367w, https:\/\/brafip.org.br\/brafip\/wp-content\/uploads\/2026\/04\/Marco-_-OBME-1920x2876.jpg 1920w\" sizes=\"(max-width: 1709px) 100vw, 1709px\" \/><\/figure><div class=\"elementor-image-box-content\"><h3 class=\"elementor-image-box-title\">Diretor de Marketiing <\/h3><p class=\"elementor-image-box-description\">Marco Carvalho<\/p><\/div><\/div>\t\t\t\t<\/div>\n\t\t\t\t<\/div>\n\t\t\t\t\t<\/div>\n\t\t\t\t<\/div>\n\t\t\t\t<\/div>\n\t\t","protected":false},"excerpt":{"rendered":"<p>Presidente Roberto Carlos Mayer 1\u00ba Vice Presidente Jos\u00e9 Antonio Antonioni 2\u00ba Vice Presidente Jos\u00e9 Vidal Belinetti Jr. Secret\u00e1rio do CA Edvar Pera Jr. Membro do CA Kival Chaves Weber Membro do CA Augusto Galv\u00e3o Diretor de Rela\u00e7\u00f5es Internacionais Alexandre J. Beltr\u00e3o Moura Diretor de Rela\u00e7\u00f5es Institucionais Djalma Petit Diretor de&hellip;<\/p>\n","protected":false},"author":1,"featured_media":0,"parent":0,"menu_order":0,"comment_status":"closed","ping_status":"closed","template":"","meta":{"_price":"","_stock":"","_tribe_ticket_header":"","_tribe_default_ticket_provider":"","_tribe_ticket_capacity":"0","_ticket_start_date":"","_ticket_end_date":"","_tribe_ticket_show_description":"","_tribe_ticket_show_not_going":false,"_tribe_ticket_use_global_stock":"","_tribe_ticket_global_stock_level":"","_global_stock_mode":"","_global_stock_cap":"","_tribe_rsvp_for_event":"","_tribe_ticket_going_count":"","_tribe_ticket_not_going_count":"","_tribe_tickets_list":"[]","_tribe_ticket_has_attendee_info_fields":false,"footnotes":"","_tec_slr_enabled":"","_tec_slr_layout":""},"class_list":["post-150","page","type-page","status-publish","hentry"],"ticketed":false,"_links":{"self":[{"href":"https:\/\/brafip.org.br\/brafip\/wp-json\/wp\/v2\/pages\/150","targetHints":{"allow":["GET"]}}],"collection":[{"href":"https:\/\/brafip.org.br\/brafip\/wp-json\/wp\/v2\/pages"}],"about":[{"href":"https:\/\/brafip.org.br\/brafip\/wp-json\/wp\/v2\/types\/page"}],"author":[{"embeddable":true,"href":"https:\/\/brafip.org.br\/brafip\/wp-json\/wp\/v2\/users\/1"}],"replies":[{"embeddable":true,"href":"https:\/\/brafip.org.br\/brafip\/wp-json\/wp\/v2\/comments?post=150"}],"version-history":[{"count":18,"href":"https:\/\/brafip.org.br\/brafip\/wp-json\/wp\/v2\/pages\/150\/revisions"}],"predecessor-version":[{"id":5283,"href":"https:\/\/brafip.org.br\/brafip\/wp-json\/wp\/v2\/pages\/150\/revisions\/5283"}],"wp:attachment":[{"href":"https:\/\/brafip.org.br\/brafip\/wp-json\/wp\/v2\/media?parent=150"}],"curies":[{"name":"wp","href":"https:\/\/api.w.org\/{rel}","templated":true}]}}